{"id":5,"date":"2021-02-21T20:19:19","date_gmt":"2021-02-21T20:19:19","guid":{"rendered":"https:\/\/tragtracespur.net\/?page_id=5"},"modified":"2021-10-22T09:20:00","modified_gmt":"2021-10-22T09:20:00","slug":"create-your-website-with-blocks","status":"publish","type":"page","link":"https:\/\/tragtracespur.net\/","title":{"rendered":"About"},"content":{"rendered":"\n<p><a href=\"https:\/\/tragtracespur.net\/index.php\/trag-trace-spur\/\"><em>Trag \/ Trace \/ Spur <\/em><\/a>is an ongoing multimedia project, started in 2012 at the Zagreb Museum for Contemporary Art by Croatian dancer Zrinka \u0160imi\u010di\u0107 Mihanovi\u0107, Swiss animation artist Michaela M\u00fcller and New York based sound artist Fa Ventilato.<\/p>\n\n\n\n<p>Three artists meet in a performance space and shape it each with their media: projections, sound, movement and visual material are mutually driving each other. In an interactive play they process the sensory input from the other performers through their own medium, thus creating inspirations for their collaborators.<\/p>\n\n\n\n<p>In <em><a href=\"https:\/\/tragtracespur.net\/index.php\/up-the-stairs-behind-doors-out-the-window\/\">Up The Stairs, Behind Doors, Out The Window<\/a><\/em>, M\u00fcller, \u0160imi\u010di\u0107 Mihanovi\u0107 and Ventilato take their vision one step further. They expand on the interdisciplinary aspect of the performance by involving guest artists with different backgrounds \u2013 a VJ artist, musicians, and an opera director. They, in turn, open new horizons for the trio, adding their own artistic expression to the multimedia spectacle.<\/p>\n\n\n\n<figure class=\"wp-block-image size-large is-style-default\"><img loading=\"lazy\" decoding=\"async\" width=\"1024\" height=\"1024\" src=\"https:\/\/tragtracespur.net\/wp-content\/uploads\/2021\/02\/Zrinka_Fa_Michaela-1024x1024.jpg\" alt=\"Maintenance Image\" class=\"wp-image-31\" srcset=\"https:\/\/tragtracespur.net\/wp-content\/uploads\/2021\/02\/Zrinka_Fa_Michaela-1024x1024.jpg 1024w, https:\/\/tragtracespur.net\/wp-content\/uploads\/2021\/02\/Zrinka_Fa_Michaela-300x300.jpg 300w, https:\/\/tragtracespur.net\/wp-content\/uploads\/2021\/02\/Zrinka_Fa_Michaela-150x150.jpg 150w, https:\/\/tragtracespur.net\/wp-content\/uploads\/2021\/02\/Zrinka_Fa_Michaela-768x768.jpg 768w, https:\/\/tragtracespur.net\/wp-content\/uploads\/2021\/02\/Zrinka_Fa_Michaela-1536x1536.jpg 1536w, https:\/\/tragtracespur.net\/wp-content\/uploads\/2021\/02\/Zrinka_Fa_Michaela-1568x1568.jpg 1568w, https:\/\/tragtracespur.net\/wp-content\/uploads\/2021\/02\/Zrinka_Fa_Michaela.jpg 1920w\" sizes=\"auto, (max-width: 1024px) 100vw, 1024px\" \/><figcaption>Michaela M\u00fcller, Fa Ventilato, Zrinka \u0160imi\u010di\u0107 Mihanovi\u0107<\/figcaption><\/figure>\n\n\n\n<div class=\"wp-block-group alignwide\"><div class=\"wp-block-group__inner-container is-layout-flow wp-block-group-is-layout-flow\"><\/div><\/div>\n\n\n\n<p><\/p>\n","protected":false},"excerpt":{"rendered":"<p>Trag \/ Trace \/ Spur is an ongoing multimedia project, started in 2012 at the Zagreb Museum for Contemporary Art by Croatian dancer Zrinka \u0160imi\u010di\u0107 Mihanovi\u0107, Swiss animation artist Michaela M\u00fcller and New York based sound artist Fa Ventilato. Three artists meet in a performance space and shape it each with their media: projections, sound,&hellip; <a class=\"more-link\" href=\"https:\/\/tragtracespur.net\/\">Continue reading <span class=\"screen-reader-text\">About<\/span><\/a><\/p>\n","protected":false},"author":1,"featured_media":0,"parent":0,"menu_order":0,"comment_status":"closed","ping_status":"closed","template":"","meta":{"slim_seo":{"title":"Trag \/ Trace \/ Spur - multimedia performance","description":"Trag \/ Trace \/ Spur is a multimedia performance by dancer Zrinka \u0160imi\u010di\u0107 Mihanovi\u0107, sound artist Fa Ventilato and animator Michaela M\u00fcller.","facebook_image":"https:\/\/tragtracespur.net\/wp-content\/uploads\/2021\/03\/5T9C3542.jpeg","twitter_image":"https:\/\/tragtracespur.net\/wp-content\/uploads\/2021\/03\/5T9C3542.jpeg"},"footnotes":""},"class_list":["post-5","page","type-page","status-publish","hentry","entry"],"_links":{"self":[{"href":"https:\/\/tragtracespur.net\/index.php\/wp-json\/wp\/v2\/pages\/5","targetHints":{"allow":["GET"]}}],"collection":[{"href":"https:\/\/tragtracespur.net\/index.php\/wp-json\/wp\/v2\/pages"}],"about":[{"href":"https:\/\/tragtracespur.net\/index.php\/wp-json\/wp\/v2\/types\/page"}],"author":[{"embeddable":true,"href":"https:\/\/tragtracespur.net\/index.php\/wp-json\/wp\/v2\/users\/1"}],"replies":[{"embeddable":true,"href":"https:\/\/tragtracespur.net\/index.php\/wp-json\/wp\/v2\/comments?post=5"}],"version-history":[{"count":13,"href":"https:\/\/tragtracespur.net\/index.php\/wp-json\/wp\/v2\/pages\/5\/revisions"}],"predecessor-version":[{"id":158,"href":"https:\/\/tragtracespur.net\/index.php\/wp-json\/wp\/v2\/pages\/5\/revisions\/158"}],"wp:attachment":[{"href":"https:\/\/tragtracespur.net\/index.php\/wp-json\/wp\/v2\/media?parent=5"}],"curies":[{"name":"wp","href":"https:\/\/api.w.org\/{rel}","templated":true}]}}